{"version":"1.0","provider_name":"Gilles Marchand","provider_url":"http:\/\/www.gillesmarchand.ch\/de\/","author_name":"Gilles Marchand","author_url":"http:\/\/www.gillesmarchand.ch\/de\/author\/gillesmarchand\/","title":"Die Schweiz braucht stabile, unabh\u00e4ngig-\u00f6ffentliche Medien - Gilles Marchand","type":"rich","width":600,"height":338,"html":"<blockquote class=\"wp-embedded-content\" data-secret=\"dKN5syyYfv\"><a href=\"http:\/\/www.gillesmarchand.ch\/de\/die-schweiz-braucht-stabile-unabhaengig-oeffentliche-medien\/\">Die Schweiz braucht stabile, unabh\u00e4ngig-\u00f6ffentliche Medien<\/a><\/blockquote><iframe sandbox=\"allow-scripts\" security=\"restricted\" src=\"http:\/\/www.gillesmarchand.ch\/de\/die-schweiz-braucht-stabile-unabhaengig-oeffentliche-medien\/embed\/#?secret=dKN5syyYfv\" width=\"600\" height=\"338\" title=\"&#8222;Die Schweiz braucht stabile, unabh\u00e4ngig-\u00f6ffentliche Medien&#8220; &#8211; Gilles Marchand\" data-secret=\"dKN5syyYfv\" frameborder=\"0\" marginwidth=\"0\" marginheight=\"0\" scrolling=\"no\" class=\"wp-embedded-content\"><\/iframe><script type=\"text\/javascript\">\n\/* <![CDATA[ *\/\n\/*! This file is auto-generated *\/\n!function(d,l){\"use strict\";l.querySelector&&d.addEventListener&&\"undefined\"!=typeof URL&&(d.wp=d.wp||{},d.wp.receiveEmbedMessage||(d.wp.receiveEmbedMessage=function(e){var t=e.data;if((t||t.secret||t.message||t.value)&&!\/[^a-zA-Z0-9]\/.test(t.secret)){for(var s,r,n,a=l.querySelectorAll('iframe[data-secret=\"'+t.secret+'\"]'),o=l.querySelectorAll('blockquote[data-secret=\"'+t.secret+'\"]'),c=new RegExp(\"^https?:$\",\"i\"),i=0;i<o.length;i++)o[i].style.display=\"none\";for(i=0;i<a.length;i++)s=a[i],e.source===s.contentWindow&&(s.removeAttribute(\"style\"),\"height\"===t.message?(1e3<(r=parseInt(t.value,10))?r=1e3:~~r<200&&(r=200),s.height=r):\"link\"===t.message&&(r=new URL(s.getAttribute(\"src\")),n=new URL(t.value),c.test(n.protocol))&&n.host===r.host&&l.activeElement===s&&(d.top.location.href=t.value))}},d.addEventListener(\"message\",d.wp.receiveEmbedMessage,!1),l.addEventListener(\"DOMContentLoaded\",function(){for(var e,t,s=l.querySelectorAll(\"iframe.wp-embedded-content\"),r=0;r<s.length;r++)(t=(e=s[r]).getAttribute(\"data-secret\"))||(t=Math.random().toString(36).substring(2,12),e.src+=\"#?secret=\"+t,e.setAttribute(\"data-secret\",t)),e.contentWindow.postMessage({message:\"ready\",secret:t},\"*\")},!1)))}(window,document);\n\/\/# sourceURL=http:\/\/www.gillesmarchand.ch\/wp-includes\/js\/wp-embed.min.js\n\/* ]]> *\/\n<\/script>\n","thumbnail_url":"http:\/\/www.gillesmarchand.ch\/wp-content\/uploads\/2023\/07\/img-0597-scaled.jpg","thumbnail_width":2560,"thumbnail_height":1920,"description":"Meinungsartikel, GILLES MARCHAND GENERALDIRECTOR, SRG SSR (erschienen am 05.07.2023 in Le Temps) Das Thema Medien und Information ist heute von gr\u00f6sster Bedeutung. Es ist entscheidend f\u00fcr den Zustand einer Gesellschaft, die sich fragmentiert und in der sich Minderheiten abzuspalten drohen. Unabh\u00e4ngige Medien sind entscheidend f\u00fcr das Verst\u00e4ndnis einer komplexen, vernetzten Welt, in der soziale Medien [&hellip;]"}

Die Schweiz braucht stabile, unabhängig-öffentliche Medien - Gilles Marchand

<blockquote class="wp-embedded-content" data-secret="dKN5syyYfv"><a href="http://www.gillesmarchand.ch/de/die-schweiz-braucht-stabile-unabhaengig-oeffentliche-medien/">Die Schweiz braucht stabile, unabhängig-öffentliche Medien</a></blockquote><iframe sandbox="allow-scripts" security="restricted" src="http://www.gillesmarchand.ch/de/die-schweiz-braucht-stabile-unabhaengig-oeffentliche-medien/embed/#?secret=dKN5syyYfv" width="600" height="338" title="&#8222;Die Schweiz braucht stabile, unabhängig-öffentliche Medien&#8220; &#8211; Gilles Marchand" data-secret="dKN5syyYfv" frameborder="0" marginwidth="0" marginheight="0" scrolling="no" class="wp-embedded-content"></iframe><script type="text/javascript">
/* <![CDATA[ */
/*! This file is auto-generated */
!function(d,l){"use strict";l.querySelector&&d.addEventListener&&"undefined"!=typeof URL&&(d.wp=d.wp||{},d.wp.receiveEmbedMessage||(d.wp.receiveEmbedMessage=function(e){var t=e.data;if((t||t.secret||t.message||t.value)&&!/[^a-zA-Z0-9]/.test(t.secret)){for(var s,r,n,a=l.querySelectorAll('iframe[data-secret="'+t.secret+'"]'),o=l.querySelectorAll('blockquote[data-secret="'+t.secret+'"]'),c=new RegExp("^https?:$","i"),i=0;i<o.length;i++)o[i].style.display="none";for(i=0;i<a.length;i++)s=a[i],e.source===s.contentWindow&&(s.removeAttribute("style"),"height"===t.message?(1e3<(r=parseInt(t.value,10))?r=1e3:~~r<200&&(r=200),s.height=r):"link"===t.message&&(r=new URL(s.getAttribute("src")),n=new URL(t.value),c.test(n.protocol))&&n.host===r.host&&l.activeElement===s&&(d.top.location.href=t.value))}},d.addEventListener("message",d.wp.receiveEmbedMessage,!1),l.addEventListener("DOMContentLoaded",function(){for(var e,t,s=l.querySelectorAll("iframe.wp-embedded-content"),r=0;r<s.length;r++)(t=(e=s[r]).getAttribute("data-secret"))||(t=Math.random().toString(36).substring(2,12),e.src+="#?secret="+t,e.setAttribute("data-secret",t)),e.contentWindow.postMessage({message:"ready",secret:t},"*")},!1)))}(window,document);
//# sourceURL=http://www.gillesmarchand.ch/wp-includes/js/wp-embed.min.js
/* ]]> */
</script>

Meinungsartikel, GILLES MARCHAND GENERALDIRECTOR, SRG SSR (erschienen am 05.07.2023 in Le Temps) Das Thema Medien und Information ist heute von grösster Bedeutung. Es ist entscheidend für den Zustand einer Gesellschaft, die sich fragmentiert und in der sich Minderheiten abzuspalten drohen. Unabhängige Medien sind entscheidend für das Verständnis einer komplexen, vernetzten Welt, in der soziale Medien [&hellip;]
